{"id":876,"date":"2025-06-16T23:15:57","date_gmt":"2025-06-16T21:15:57","guid":{"rendered":"https:\/\/mellelilyjolie.com\/?post_type=product&#038;p=876"},"modified":"2025-11-12T14:36:57","modified_gmt":"2025-11-12T13:36:57","slug":"tee-shirt-femme-17","status":"publish","type":"product","link":"https:\/\/mellelilyjolie.com\/index.php\/produit\/tee-shirt-femme-17\/","title":{"rendered":"My Lily box Beaut\u00e9 et soin"},"content":{"rendered":"<p data-start=\"421\" data-end=\"442\">Contenu de la box :<\/p>\n<ul data-start=\"443\" data-end=\"955\">\n<li data-start=\"443\" data-end=\"512\">\n<p data-start=\"445\" data-end=\"512\">Un gant de soin, pour un nettoyage d\u00e9licat et efficace du visage.<\/p>\n<\/li>\n<li data-start=\"513\" data-end=\"625\">\n<p data-start=\"515\" data-end=\"625\">Deux lingettes d\u00e9maquillantes r\u00e9utilisables, pour un d\u00e9maquillage tout en douceur, \u00e9cologique et \u00e9conomique.<\/p>\n<\/li>\n<li data-start=\"626\" data-end=\"729\">\n<p data-start=\"628\" data-end=\"729\">Une serviette pour le visage, moelleuse et absorbante, parfaite pour parfaire votre rituel de soin.<\/p>\n<\/li>\n<li data-start=\"730\" data-end=\"835\">\n<p data-start=\"732\" data-end=\"835\">Un tour de t\u00eate assorti, \u00e9l\u00e9gant et pratique, qui maintient vos cheveux pendant votre routine beaut\u00e9.<\/p>\n<\/li>\n<li data-start=\"836\" data-end=\"955\">\n<p data-start=\"838\" data-end=\"955\">Un produit d\u2019hygi\u00e8ne, pour compl\u00e9ter votre moment cocooning et prolonger la sensation de fra\u00eecheur et de bien-\u00eatre.<\/p>\n<\/li>\n<\/ul>\n<p data-start=\"957\" data-end=\"1232\" data-is-last-node=\"\" data-is-only-node=\"\">Avec ses tissus de qualit\u00e9 et son design raffin\u00e9, la My Lily Box Beaut\u00e9 &amp; Soins allie esth\u00e9tique, confort et durabilit\u00e9.<\/p>\n","protected":false},"excerpt":{"rendered":"<p>D\u00e9couvrez la <strong data-start=\"13\" data-end=\"43\">My Lily Box Beaut\u00e9 &amp; Soins<\/strong>, un coffret personnalisable alliant <strong data-start=\"80\" data-end=\"114\">\u00e9l\u00e9gance, confort et bien-\u00eatre<\/strong>.<br data-start=\"115\" data-end=\"118\" \/>Compos\u00e9e d\u2019un <strong data-start=\"132\" data-end=\"148\">gant de soin<\/strong>, de <strong data-start=\"153\" data-end=\"180\">lingettes r\u00e9utilisables<\/strong>, d\u2019une <strong data-start=\"188\" data-end=\"207\">serviette douce<\/strong>, d\u2019un <strong data-start=\"214\" data-end=\"238\">tour de t\u00eate assorti<\/strong> et d\u2019un <strong data-start=\"247\" data-end=\"268\">produit d\u2019hygi\u00e8ne<\/strong>, cette box compl\u00e8te votre rituel beaut\u00e9 avec des <strong data-start=\"318\" data-end=\"339\">tissus de qualit\u00e9<\/strong> et un <strong data-start=\"346\" data-end=\"364\">design raffin\u00e9<\/strong>. Id\u00e9ale pour un moment cocooning unique et responsable.<\/p>\n<p>&nbsp;<\/p>\n<p>Exp\u00e9di\u00e9 dans un d\u00e9lai de 7 \u00e0 10 jours ouvrables<\/p>\n","protected":false},"featured_media":1500,"comment_status":"open","ping_status":"closed","template":"","meta":{"_surecart_dashboard_logo_width":"180px","_surecart_dashboard_show_logo":true,"_surecart_dashboard_navigation_orders":true,"_surecart_dashboard_navigation_invoices":true,"_surecart_dashboard_navigation_subscriptions":true,"_surecart_dashboard_navigation_downloads":true,"_surecart_dashboard_navigation_billing":true,"_surecart_dashboard_navigation_account":true,"_uag_custom_page_level_css":""},"product_brand":[],"product_cat":[47],"product_tag":[],"class_list":{"0":"post-876","1":"product","2":"type-product","3":"status-publish","4":"has-post-thumbnail","6":"product_cat-lily-box","8":"first","9":"instock","10":"shipping-taxable","11":"purchasable","12":"product-type-variable"},"uagb_featured_image_src":{"full":["https:\/\/mellelilyjolie.com\/wp-content\/uploads\/2025\/06\/ChatGPT-Image-22-oct.-2025-20_43_41.png",1024,1024,false],"thumbnail":["https:\/\/mellelilyjolie.com\/wp-content\/uploads\/2025\/06\/ChatGPT-Image-22-oct.-2025-20_43_41-150x150.png",150,150,true],"medium":["https:\/\/mellelilyjolie.com\/wp-content\/uploads\/2025\/06\/ChatGPT-Image-22-oct.-2025-20_43_41-300x300.png",300,300,true],"medium_large":["https:\/\/mellelilyjolie.com\/wp-content\/uploads\/2025\/06\/ChatGPT-Image-22-oct.-2025-20_43_41-768x768.png",768,768,true],"large":["https:\/\/mellelilyjolie.com\/wp-content\/uploads\/2025\/06\/ChatGPT-Image-22-oct.-2025-20_43_41.png",960,960,false],"post-slider-thumb-size":["https:\/\/mellelilyjolie.com\/wp-content\/uploads\/2025\/06\/ChatGPT-Image-22-oct.-2025-20_43_41-330x190.png",330,190,true],"post-category-slider-size":["https:\/\/mellelilyjolie.com\/wp-content\/uploads\/2025\/06\/ChatGPT-Image-22-oct.-2025-20_43_41-330x350.png",330,350,true],"1536x1536":["https:\/\/mellelilyjolie.com\/wp-content\/uploads\/2025\/06\/ChatGPT-Image-22-oct.-2025-20_43_41.png",1024,1024,false],"2048x2048":["https:\/\/mellelilyjolie.com\/wp-content\/uploads\/2025\/06\/ChatGPT-Image-22-oct.-2025-20_43_41.png",1024,1024,false],"ashe-slider-full-thumbnail":["https:\/\/mellelilyjolie.com\/wp-content\/uploads\/2025\/06\/ChatGPT-Image-22-oct.-2025-20_43_41-1024x540.png",1024,540,true],"ashe-full-thumbnail":["https:\/\/mellelilyjolie.com\/wp-content\/uploads\/2025\/06\/ChatGPT-Image-22-oct.-2025-20_43_41.png",1024,1024,false],"ashe-list-thumbnail":["https:\/\/mellelilyjolie.com\/wp-content\/uploads\/2025\/06\/ChatGPT-Image-22-oct.-2025-20_43_41-300x300.png",300,300,true],"ashe-grid-thumbnail":["https:\/\/mellelilyjolie.com\/wp-content\/uploads\/2025\/06\/ChatGPT-Image-22-oct.-2025-20_43_41-500x330.png",500,330,true],"ashe-single-navigation":["https:\/\/mellelilyjolie.com\/wp-content\/uploads\/2025\/06\/ChatGPT-Image-22-oct.-2025-20_43_41-75x75.png",75,75,true],"woocommerce_thumbnail":["https:\/\/mellelilyjolie.com\/wp-content\/uploads\/2025\/06\/ChatGPT-Image-22-oct.-2025-20_43_41-300x300.png",300,300,true],"woocommerce_single":["https:\/\/mellelilyjolie.com\/wp-content\/uploads\/2025\/06\/ChatGPT-Image-22-oct.-2025-20_43_41-600x600.png",600,600,true],"woocommerce_gallery_thumbnail":["https:\/\/mellelilyjolie.com\/wp-content\/uploads\/2025\/06\/ChatGPT-Image-22-oct.-2025-20_43_41-100x100.png",100,100,true]},"uagb_author_info":{"display_name":"admin7170","author_link":"https:\/\/mellelilyjolie.com\/index.php\/author\/"},"uagb_comment_info":0,"uagb_excerpt":"D\u00e9couvrez la My Lily Box Beaut\u00e9 &amp; Soins, un coffret personnalisable alliant \u00e9l\u00e9gance, confort et bien-\u00eatre.Compos\u00e9e d\u2019un gant de soin, de lingettes r\u00e9utilisables, d\u2019une serviette douce, d\u2019un tour de t\u00eate assorti et d\u2019un produit d\u2019hygi\u00e8ne, cette box compl\u00e8te votre rituel beaut\u00e9 avec des tissus de qualit\u00e9 et un design raffin\u00e9. Id\u00e9ale pour un moment cocooning\u2026","jetpack_sharing_enabled":true,"_links":{"self":[{"href":"https:\/\/mellelilyjolie.com\/index.php\/wp-json\/wp\/v2\/product\/876","targetHints":{"allow":["GET"]}}],"collection":[{"href":"https:\/\/mellelilyjolie.com\/index.php\/wp-json\/wp\/v2\/product"}],"about":[{"href":"https:\/\/mellelilyjolie.com\/index.php\/wp-json\/wp\/v2\/types\/product"}],"replies":[{"embeddable":true,"href":"https:\/\/mellelilyjolie.com\/index.php\/wp-json\/wp\/v2\/comments?post=876"}],"wp:featuredmedia":[{"embeddable":true,"href":"https:\/\/mellelilyjolie.com\/index.php\/wp-json\/wp\/v2\/media\/1500"}],"wp:attachment":[{"href":"https:\/\/mellelilyjolie.com\/index.php\/wp-json\/wp\/v2\/media?parent=876"}],"wp:term":[{"taxonomy":"product_brand","embeddable":true,"href":"https:\/\/mellelilyjolie.com\/index.php\/wp-json\/wp\/v2\/product_brand?post=876"},{"taxonomy":"product_cat","embeddable":true,"href":"https:\/\/mellelilyjolie.com\/index.php\/wp-json\/wp\/v2\/product_cat?post=876"},{"taxonomy":"product_tag","embeddable":true,"href":"https:\/\/mellelilyjolie.com\/index.php\/wp-json\/wp\/v2\/product_tag?post=876"}],"curies":[{"name":"wp","href":"https:\/\/api.w.org\/{rel}","templated":true}]}}