{"id":871,"date":"2025-06-16T22:57:58","date_gmt":"2025-06-16T20:57:58","guid":{"rendered":"https:\/\/mellelilyjolie.com\/?post_type=product&#038;p=871"},"modified":"2025-11-10T22:58:51","modified_gmt":"2025-11-10T21:58:51","slug":"tee-shirt-femme-15","status":"publish","type":"product","link":"https:\/\/mellelilyjolie.com\/index.php\/produit\/tee-shirt-femme-15\/","title":{"rendered":"Sac cabas"},"content":{"rendered":"<p>Ce sac cabas est une <b>pi\u00e8ce forte et symbolique<\/b>. Il est con\u00e7u dans une <b>toile de jute\u00a0 d&rsquo;aspect naturel et rustique<\/b>, offrant une excellente robustesse pour vos courses, la plage ou vos sorties.<\/p>\n<p>Ce qui le rend exceptionnel, c&rsquo;est l&rsquo;application centrale d&rsquo;une <b>grande carte du continent africain<\/b>, r\u00e9alis\u00e9e en patchwork de <b>Tissus Wax<\/b> aux motifs et couleurs \u00e9clatants (rouge, jaune, vert, noir). Ce motif puissant et vibrant fait de ce cabas un v\u00e9ritable hommage \u00e0 l&rsquo;Afrique et \u00e0 ses textiles en collaboration avec des artisans d&rsquo;experience.<\/p>\n<p>Les finitions sont soign\u00e9es, avec des bordures et des anses (ici, en corde tress\u00e9e) qui renforcent son caract\u00e8re artisanal et unique. <b>Adoptez ce cabas<\/b> et portez avec vous un accessoire \u00e0 la fois pratique, \u00e9cologique et charg\u00e9 de sens.<\/p>\n","protected":false},"excerpt":{"rendered":"<p>Ce sac cabas en toile de jute naturelle se distingue par sa grande carte de l\u2019Afrique en Tissu Wax color\u00e9, offrant un accessoire de plage ou de march\u00e9 unique et symbolique.<\/p>\n<p>&nbsp;<\/p>\n<p>Exp\u00e9di\u00e9 dans un d\u00e9lai de 7 \u00e0 10 jours ouvrables<\/p>\n","protected":false},"featured_media":858,"comment_status":"open","ping_status":"closed","template":"","meta":{"_surecart_dashboard_logo_width":"180px","_surecart_dashboard_show_logo":true,"_surecart_dashboard_navigation_orders":true,"_surecart_dashboard_navigation_invoices":true,"_surecart_dashboard_navigation_subscriptions":true,"_surecart_dashboard_navigation_downloads":true,"_surecart_dashboard_navigation_billing":true,"_surecart_dashboard_navigation_account":true,"_uag_custom_page_level_css":""},"product_brand":[],"product_cat":[39],"product_tag":[],"class_list":{"0":"post-871","1":"product","2":"type-product","3":"status-publish","4":"has-post-thumbnail","6":"product_cat-accessoire","8":"first","9":"instock","10":"shipping-taxable","11":"purchasable","12":"product-type-simple"},"uagb_featured_image_src":{"full":["https:\/\/mellelilyjolie.com\/wp-content\/uploads\/2025\/02\/IMG-20250616-WA0001.jpg",1536,2048,false],"thumbnail":["https:\/\/mellelilyjolie.com\/wp-content\/uploads\/2025\/02\/IMG-20250616-WA0001-150x150.jpg",150,150,true],"medium":["https:\/\/mellelilyjolie.com\/wp-content\/uploads\/2025\/02\/IMG-20250616-WA0001-225x300.jpg",225,300,true],"medium_large":["https:\/\/mellelilyjolie.com\/wp-content\/uploads\/2025\/02\/IMG-20250616-WA0001-768x1024.jpg",768,1024,true],"large":["https:\/\/mellelilyjolie.com\/wp-content\/uploads\/2025\/02\/IMG-20250616-WA0001-768x1024.jpg",768,1024,true],"post-slider-thumb-size":["https:\/\/mellelilyjolie.com\/wp-content\/uploads\/2025\/02\/IMG-20250616-WA0001-330x190.jpg",330,190,true],"post-category-slider-size":["https:\/\/mellelilyjolie.com\/wp-content\/uploads\/2025\/02\/IMG-20250616-WA0001-330x350.jpg",330,350,true],"1536x1536":["https:\/\/mellelilyjolie.com\/wp-content\/uploads\/2025\/02\/IMG-20250616-WA0001-1152x1536.jpg",1152,1536,true],"2048x2048":["https:\/\/mellelilyjolie.com\/wp-content\/uploads\/2025\/02\/IMG-20250616-WA0001.jpg",1536,2048,false],"ashe-slider-full-thumbnail":["https:\/\/mellelilyjolie.com\/wp-content\/uploads\/2025\/02\/IMG-20250616-WA0001-1080x540.jpg",1080,540,true],"ashe-full-thumbnail":["https:\/\/mellelilyjolie.com\/wp-content\/uploads\/2025\/02\/IMG-20250616-WA0001-1140x1520.jpg",1140,1520,true],"ashe-list-thumbnail":["https:\/\/mellelilyjolie.com\/wp-content\/uploads\/2025\/02\/IMG-20250616-WA0001-300x300.jpg",300,300,true],"ashe-grid-thumbnail":["https:\/\/mellelilyjolie.com\/wp-content\/uploads\/2025\/02\/IMG-20250616-WA0001-500x330.jpg",500,330,true],"ashe-single-navigation":["https:\/\/mellelilyjolie.com\/wp-content\/uploads\/2025\/02\/IMG-20250616-WA0001-75x75.jpg",75,75,true],"woocommerce_thumbnail":["https:\/\/mellelilyjolie.com\/wp-content\/uploads\/2025\/02\/IMG-20250616-WA0001-300x300.jpg",300,300,true],"woocommerce_single":["https:\/\/mellelilyjolie.com\/wp-content\/uploads\/2025\/02\/IMG-20250616-WA0001-600x800.jpg",600,800,true],"woocommerce_gallery_thumbnail":["https:\/\/mellelilyjolie.com\/wp-content\/uploads\/2025\/02\/IMG-20250616-WA0001-100x100.jpg",100,100,true]},"uagb_author_info":{"display_name":"admin7170","author_link":"https:\/\/mellelilyjolie.com\/index.php\/author\/"},"uagb_comment_info":0,"uagb_excerpt":"Ce sac cabas en toile de jute naturelle se distingue par sa grande carte de l\u2019Afrique en Tissu Wax color\u00e9, offrant un accessoire de plage ou de march\u00e9 unique et symbolique. &nbsp; Exp\u00e9di\u00e9 dans un d\u00e9lai de 7 \u00e0 10 jours ouvrables","jetpack_sharing_enabled":true,"_links":{"self":[{"href":"https:\/\/mellelilyjolie.com\/index.php\/wp-json\/wp\/v2\/product\/871","targetHints":{"allow":["GET"]}}],"collection":[{"href":"https:\/\/mellelilyjolie.com\/index.php\/wp-json\/wp\/v2\/product"}],"about":[{"href":"https:\/\/mellelilyjolie.com\/index.php\/wp-json\/wp\/v2\/types\/product"}],"replies":[{"embeddable":true,"href":"https:\/\/mellelilyjolie.com\/index.php\/wp-json\/wp\/v2\/comments?post=871"}],"wp:featuredmedia":[{"embeddable":true,"href":"https:\/\/mellelilyjolie.com\/index.php\/wp-json\/wp\/v2\/media\/858"}],"wp:attachment":[{"href":"https:\/\/mellelilyjolie.com\/index.php\/wp-json\/wp\/v2\/media?parent=871"}],"wp:term":[{"taxonomy":"product_brand","embeddable":true,"href":"https:\/\/mellelilyjolie.com\/index.php\/wp-json\/wp\/v2\/product_brand?post=871"},{"taxonomy":"product_cat","embeddable":true,"href":"https:\/\/mellelilyjolie.com\/index.php\/wp-json\/wp\/v2\/product_cat?post=871"},{"taxonomy":"product_tag","embeddable":true,"href":"https:\/\/mellelilyjolie.com\/index.php\/wp-json\/wp\/v2\/product_tag?post=871"}],"curies":[{"name":"wp","href":"https:\/\/api.w.org\/{rel}","templated":true}]}}