{"id":395,"date":"2025-02-17T01:40:11","date_gmt":"2025-02-17T00:40:11","guid":{"rendered":"https:\/\/mellelilyjolie.com\/?post_type=product&#038;p=395"},"modified":"2025-10-22T00:51:20","modified_gmt":"2025-10-21T22:51:20","slug":"carte-cadeau","status":"publish","type":"product","link":"https:\/\/mellelilyjolie.com\/index.php\/produit\/carte-cadeau\/","title":{"rendered":"CARTE CADEAU"},"content":{"rendered":"<p>Offrez \u00e0 vos proches ou \u00e0 vous-m\u00eame la libert\u00e9 de choisir parmi notre large gamme de produits. Notre carte cadeau, valable sur tout le site, permet de personnaliser ou d&rsquo;acheter des articles selon vos envies. Utilisable en ligne, elle est valable pendant un an \u00e0 compter de la date d&rsquo;achat.<\/p>\n","protected":false},"excerpt":{"rendered":"<p>Offrez \u00e0 vos proches ou \u00e0 vous-m\u00eame la libert\u00e9 de choisir parmi notre large gamme de produits. Notre carte cadeau, valable sur tout le site, permet de personnaliser ou d&rsquo;acheter des articles selon vos envies. Utilisable en ligne, elle est valable pendant un an \u00e0 compter de la date d&rsquo;achat.<\/p>\n","protected":false},"featured_media":1401,"comment_status":"open","ping_status":"closed","template":"","meta":{"_surecart_dashboard_logo_width":"180px","_surecart_dashboard_show_logo":true,"_surecart_dashboard_navigation_orders":true,"_surecart_dashboard_navigation_invoices":true,"_surecart_dashboard_navigation_subscriptions":true,"_surecart_dashboard_navigation_downloads":true,"_surecart_dashboard_navigation_billing":true,"_surecart_dashboard_navigation_account":true,"_uag_custom_page_level_css":""},"product_brand":[],"product_cat":[53],"product_tag":[],"class_list":{"0":"post-395","1":"product","2":"type-product","3":"status-publish","4":"has-post-thumbnail","6":"product_cat-carte-cadeau","8":"first","9":"instock","10":"shipping-taxable","11":"purchasable","12":"product-type-pw-gift-card"},"uagb_featured_image_src":{"full":["https:\/\/mellelilyjolie.com\/wp-content\/uploads\/2025\/02\/Carte-Cadeau-Melle-Lily-Creations-1.png",1536,1024,false],"thumbnail":["https:\/\/mellelilyjolie.com\/wp-content\/uploads\/2025\/02\/Carte-Cadeau-Melle-Lily-Creations-1-150x150.png",150,150,true],"medium":["https:\/\/mellelilyjolie.com\/wp-content\/uploads\/2025\/02\/Carte-Cadeau-Melle-Lily-Creations-1-300x200.png",300,200,true],"medium_large":["https:\/\/mellelilyjolie.com\/wp-content\/uploads\/2025\/02\/Carte-Cadeau-Melle-Lily-Creations-1-768x512.png",768,512,true],"large":["https:\/\/mellelilyjolie.com\/wp-content\/uploads\/2025\/02\/Carte-Cadeau-Melle-Lily-Creations-1-1024x683.png",960,640,true],"post-slider-thumb-size":["https:\/\/mellelilyjolie.com\/wp-content\/uploads\/2025\/02\/Carte-Cadeau-Melle-Lily-Creations-1-330x190.png",330,190,true],"post-category-slider-size":["https:\/\/mellelilyjolie.com\/wp-content\/uploads\/2025\/02\/Carte-Cadeau-Melle-Lily-Creations-1-330x350.png",330,350,true],"1536x1536":["https:\/\/mellelilyjolie.com\/wp-content\/uploads\/2025\/02\/Carte-Cadeau-Melle-Lily-Creations-1.png",1536,1024,false],"2048x2048":["https:\/\/mellelilyjolie.com\/wp-content\/uploads\/2025\/02\/Carte-Cadeau-Melle-Lily-Creations-1.png",1536,1024,false],"ashe-slider-full-thumbnail":["https:\/\/mellelilyjolie.com\/wp-content\/uploads\/2025\/02\/Carte-Cadeau-Melle-Lily-Creations-1-1080x540.png",1080,540,true],"ashe-full-thumbnail":["https:\/\/mellelilyjolie.com\/wp-content\/uploads\/2025\/02\/Carte-Cadeau-Melle-Lily-Creations-1-1140x760.png",1140,760,true],"ashe-list-thumbnail":["https:\/\/mellelilyjolie.com\/wp-content\/uploads\/2025\/02\/Carte-Cadeau-Melle-Lily-Creations-1-300x300.png",300,300,true],"ashe-grid-thumbnail":["https:\/\/mellelilyjolie.com\/wp-content\/uploads\/2025\/02\/Carte-Cadeau-Melle-Lily-Creations-1.png",495,330,false],"ashe-single-navigation":["https:\/\/mellelilyjolie.com\/wp-content\/uploads\/2025\/02\/Carte-Cadeau-Melle-Lily-Creations-1.png",75,50,false],"woocommerce_thumbnail":["https:\/\/mellelilyjolie.com\/wp-content\/uploads\/2025\/02\/Carte-Cadeau-Melle-Lily-Creations-1-300x300.png",300,300,true],"woocommerce_single":["https:\/\/mellelilyjolie.com\/wp-content\/uploads\/2025\/02\/Carte-Cadeau-Melle-Lily-Creations-1.png",600,400,false],"woocommerce_gallery_thumbnail":["https:\/\/mellelilyjolie.com\/wp-content\/uploads\/2025\/02\/Carte-Cadeau-Melle-Lily-Creations-1-100x100.png",100,100,true]},"uagb_author_info":{"display_name":"admin7170","author_link":"https:\/\/mellelilyjolie.com\/index.php\/author\/"},"uagb_comment_info":1,"uagb_excerpt":"Offrez \u00e0 vos proches ou \u00e0 vous-m\u00eame la libert\u00e9 de choisir parmi notre large gamme de produits. Notre carte cadeau, valable sur tout le site, permet de personnaliser ou d&rsquo;acheter des articles selon vos envies. Utilisable en ligne, elle est valable pendant un an \u00e0 compter de la date d&rsquo;achat.","jetpack_sharing_enabled":true,"_links":{"self":[{"href":"https:\/\/mellelilyjolie.com\/index.php\/wp-json\/wp\/v2\/product\/395","targetHints":{"allow":["GET"]}}],"collection":[{"href":"https:\/\/mellelilyjolie.com\/index.php\/wp-json\/wp\/v2\/product"}],"about":[{"href":"https:\/\/mellelilyjolie.com\/index.php\/wp-json\/wp\/v2\/types\/product"}],"replies":[{"embeddable":true,"href":"https:\/\/mellelilyjolie.com\/index.php\/wp-json\/wp\/v2\/comments?post=395"}],"wp:featuredmedia":[{"embeddable":true,"href":"https:\/\/mellelilyjolie.com\/index.php\/wp-json\/wp\/v2\/media\/1401"}],"wp:attachment":[{"href":"https:\/\/mellelilyjolie.com\/index.php\/wp-json\/wp\/v2\/media?parent=395"}],"wp:term":[{"taxonomy":"product_brand","embeddable":true,"href":"https:\/\/mellelilyjolie.com\/index.php\/wp-json\/wp\/v2\/product_brand?post=395"},{"taxonomy":"product_cat","embeddable":true,"href":"https:\/\/mellelilyjolie.com\/index.php\/wp-json\/wp\/v2\/product_cat?post=395"},{"taxonomy":"product_tag","embeddable":true,"href":"https:\/\/mellelilyjolie.com\/index.php\/wp-json\/wp\/v2\/product_tag?post=395"}],"curies":[{"name":"wp","href":"https:\/\/api.w.org\/{rel}","templated":true}]}}