{"id":265,"date":"2025-02-12T20:56:13","date_gmt":"2025-02-12T19:56:13","guid":{"rendered":"https:\/\/mellelilyjolie.com\/?post_type=product&#038;p=265"},"modified":"2025-11-16T19:25:14","modified_gmt":"2025-11-16T18:25:14","slug":"tee-shirt-femme-7","status":"publish","type":"product","link":"https:\/\/mellelilyjolie.com\/index.php\/produit\/tee-shirt-femme-7\/","title":{"rendered":"SACOCHE"},"content":{"rendered":"<p>Ajoutez une touche de couleur et de caract\u00e8re \u00e0 toutes vos tenues avec ce charmant sac bandouli\u00e8re, un accessoire \u00e0 la fois pratique et visuellement captivant.<\/p>\n<p>Confectionn\u00e9 en <b>v\u00e9ritable Tissu Wax africain<\/b>, il arbore un motif floral ou g\u00e9om\u00e9trique \u00e9clatant (ici, domin\u00e9 par le bleu turquoise et le jaune moutarde) qui ne manquera pas d&rsquo;attirer les regards et de dynamiser votre look.<\/p>\n<p>Son <b>format compact et structur\u00e9<\/b> est id\u00e9al pour transporter vos essentiels (t\u00e9l\u00e9phone, portefeuille, cl\u00e9s, maquillage) sans vous encombrer. Il est le compagnon parfait pour une sortie en ville, un concert ou vos activit\u00e9s quotidiennes.<\/p>\n<p>La base et les finitions sont en <b>simili-cuir noir<\/b> robuste, offrant une touche d&rsquo;\u00e9l\u00e9gance et de durabilit\u00e9. Il est \u00e9quip\u00e9 d&rsquo;une <b>lani\u00e8re ajustable en simili-cuir noir<\/b>, assurant un port\u00e9 \u00e9paule ou crois\u00e9 des plus confortables, vous laissant les mains libres.<\/p>\n<p><b>Optez pour ce sac bandouli\u00e8re en Wax : la petite touche qui fait toute la diff\u00e9rence et affirme votre style unique.<\/b><\/p>\n","protected":false},"excerpt":{"rendered":"<p>Ajoutez une touche de couleur et de caract\u00e8re \u00e0 toutes vos tenues avec ce charmant sac bandouli\u00e8re, un accessoire \u00e0 la fois pratique et visuellement captivant. Confectionn\u00e9 en v\u00e9ritable Tissu Wax africain, il arbore un motif floral ou g\u00e9om\u00e9trique \u00e9clatant (ici, domin\u00e9 par le bleu turquoise et le jaune moutarde) qui ne manquera pas d&rsquo;attirer les regards et de dynamiser votre look. Son format compact et structur\u00e9 est id\u00e9al pour transporter vos essentiels (t\u00e9l\u00e9phone, portefeuille, cl\u00e9s, maquillage) sans vous encombrer. Il est le compagnon parfait pour une sortie en ville, un concert ou vos activit\u00e9s quotidiennes. La base et les finitions sont en simili-cuir noir robuste, offrant une touche d&rsquo;\u00e9l\u00e9gance et de durabilit\u00e9. Il est \u00e9quip\u00e9 d&rsquo;une lani\u00e8re ajustable en simili-cuir noir, assurant un port\u00e9 \u00e9paule ou crois\u00e9 des plus confortables, vous laissant les mains libres. Optez pour ce sac bandouli\u00e8re en Wax : la petite touche qui fait toute la diff\u00e9rence et affirme votre style unique.<\/p>\n","protected":false},"featured_media":840,"comment_status":"open","ping_status":"closed","template":"","meta":{"_surecart_dashboard_logo_width":"180px","_surecart_dashboard_show_logo":true,"_surecart_dashboard_navigation_orders":true,"_surecart_dashboard_navigation_invoices":true,"_surecart_dashboard_navigation_subscriptions":true,"_surecart_dashboard_navigation_downloads":true,"_surecart_dashboard_navigation_billing":true,"_surecart_dashboard_navigation_account":true,"_uag_custom_page_level_css":""},"product_brand":[],"product_cat":[39],"product_tag":[],"class_list":{"0":"post-265","1":"product","2":"type-product","3":"status-publish","4":"has-post-thumbnail","6":"product_cat-accessoire","8":"first","9":"instock","10":"shipping-taxable","11":"purchasable","12":"product-type-variable"},"uagb_featured_image_src":{"full":["https:\/\/mellelilyjolie.com\/wp-content\/uploads\/2024\/08\/IMG-20250529-WA0059.jpg",1071,1402,false],"thumbnail":["https:\/\/mellelilyjolie.com\/wp-content\/uploads\/2024\/08\/IMG-20250529-WA0059-150x150.jpg",150,150,true],"medium":["https:\/\/mellelilyjolie.com\/wp-content\/uploads\/2024\/08\/IMG-20250529-WA0059-229x300.jpg",229,300,true],"medium_large":["https:\/\/mellelilyjolie.com\/wp-content\/uploads\/2024\/08\/IMG-20250529-WA0059-768x1005.jpg",768,1005,true],"large":["https:\/\/mellelilyjolie.com\/wp-content\/uploads\/2024\/08\/IMG-20250529-WA0059-782x1024.jpg",782,1024,true],"post-slider-thumb-size":["https:\/\/mellelilyjolie.com\/wp-content\/uploads\/2024\/08\/IMG-20250529-WA0059-330x190.jpg",330,190,true],"post-category-slider-size":["https:\/\/mellelilyjolie.com\/wp-content\/uploads\/2024\/08\/IMG-20250529-WA0059-330x350.jpg",330,350,true],"1536x1536":["https:\/\/mellelilyjolie.com\/wp-content\/uploads\/2024\/08\/IMG-20250529-WA0059.jpg",1071,1402,false],"2048x2048":["https:\/\/mellelilyjolie.com\/wp-content\/uploads\/2024\/08\/IMG-20250529-WA0059.jpg",1071,1402,false],"ashe-slider-full-thumbnail":["https:\/\/mellelilyjolie.com\/wp-content\/uploads\/2024\/08\/IMG-20250529-WA0059-1071x540.jpg",1071,540,true],"ashe-full-thumbnail":["https:\/\/mellelilyjolie.com\/wp-content\/uploads\/2024\/08\/IMG-20250529-WA0059.jpg",1071,1402,false],"ashe-list-thumbnail":["https:\/\/mellelilyjolie.com\/wp-content\/uploads\/2024\/08\/IMG-20250529-WA0059-300x300.jpg",300,300,true],"ashe-grid-thumbnail":["https:\/\/mellelilyjolie.com\/wp-content\/uploads\/2024\/08\/IMG-20250529-WA0059-500x330.jpg",500,330,true],"ashe-single-navigation":["https:\/\/mellelilyjolie.com\/wp-content\/uploads\/2024\/08\/IMG-20250529-WA0059-75x75.jpg",75,75,true],"woocommerce_thumbnail":["https:\/\/mellelilyjolie.com\/wp-content\/uploads\/2024\/08\/IMG-20250529-WA0059-300x300.jpg",300,300,true],"woocommerce_single":["https:\/\/mellelilyjolie.com\/wp-content\/uploads\/2024\/08\/IMG-20250529-WA0059-600x785.jpg",600,785,true],"woocommerce_gallery_thumbnail":["https:\/\/mellelilyjolie.com\/wp-content\/uploads\/2024\/08\/IMG-20250529-WA0059-100x100.jpg",100,100,true]},"uagb_author_info":{"display_name":"admin7170","author_link":"https:\/\/mellelilyjolie.com\/index.php\/author\/"},"uagb_comment_info":0,"uagb_excerpt":"Ajoutez une touche de couleur et de caract\u00e8re \u00e0 toutes vos tenues avec ce charmant sac bandouli\u00e8re, un accessoire \u00e0 la fois pratique et visuellement captivant. Confectionn\u00e9 en v\u00e9ritable Tissu Wax africain, il arbore un motif floral ou g\u00e9om\u00e9trique \u00e9clatant (ici, domin\u00e9 par le bleu turquoise et le jaune moutarde) qui ne manquera pas d&rsquo;attirer\u2026","jetpack_sharing_enabled":true,"_links":{"self":[{"href":"https:\/\/mellelilyjolie.com\/index.php\/wp-json\/wp\/v2\/product\/265","targetHints":{"allow":["GET"]}}],"collection":[{"href":"https:\/\/mellelilyjolie.com\/index.php\/wp-json\/wp\/v2\/product"}],"about":[{"href":"https:\/\/mellelilyjolie.com\/index.php\/wp-json\/wp\/v2\/types\/product"}],"replies":[{"embeddable":true,"href":"https:\/\/mellelilyjolie.com\/index.php\/wp-json\/wp\/v2\/comments?post=265"}],"wp:featuredmedia":[{"embeddable":true,"href":"https:\/\/mellelilyjolie.com\/index.php\/wp-json\/wp\/v2\/media\/840"}],"wp:attachment":[{"href":"https:\/\/mellelilyjolie.com\/index.php\/wp-json\/wp\/v2\/media?parent=265"}],"wp:term":[{"taxonomy":"product_brand","embeddable":true,"href":"https:\/\/mellelilyjolie.com\/index.php\/wp-json\/wp\/v2\/product_brand?post=265"},{"taxonomy":"product_cat","embeddable":true,"href":"https:\/\/mellelilyjolie.com\/index.php\/wp-json\/wp\/v2\/product_cat?post=265"},{"taxonomy":"product_tag","embeddable":true,"href":"https:\/\/mellelilyjolie.com\/index.php\/wp-json\/wp\/v2\/product_tag?post=265"}],"curies":[{"name":"wp","href":"https:\/\/api.w.org\/{rel}","templated":true}]}}