{"id":2626,"date":"2026-01-05T02:13:13","date_gmt":"2026-01-05T01:13:13","guid":{"rendered":"https:\/\/mellelilyjolie.com\/?post_type=product&#038;p=2626"},"modified":"2026-01-18T15:23:54","modified_gmt":"2026-01-18T14:23:54","slug":"kit-tasses-personnalisables-love","status":"publish","type":"product","link":"https:\/\/mellelilyjolie.com\/index.php\/produit\/kit-tasses-personnalisables-love\/","title":{"rendered":"Kit Tasses personnalisables -LOVE"},"content":{"rendered":"<p data-start=\"555\" data-end=\"676\"><br data-start=\"660\" data-end=\"663\" \/>Il comprend :<\/p>\n<ul data-start=\"677\" data-end=\"944\">\n<li data-start=\"677\" data-end=\"704\">\n<p data-start=\"679\" data-end=\"704\">2 Tasses capuche\u00a0 \u00e0 personnaliser<\/p>\n<\/li>\n<\/ul>\n<p data-start=\"946\" data-end=\"1014\">Parfait pour les couples qui aiment les cadeaux simples, symboliques et durables.<\/p>\n<p data-start=\"946\" data-end=\"1014\">\n","protected":false},"excerpt":{"rendered":"<p data-start=\"730\" data-end=\"809\">Deux tasses personnalisables pour afficher votre complicit\u00e9 avec \u00e9l\u00e9gance et originalit\u00e9.<br data-start=\"1498\" data-end=\"1501\" \/>Un cadeau tendance, id\u00e9al pour les amoureux modernes.<\/p>\n<p>Exp\u00e9di\u00e9 dans un d\u00e9lai de 7 \u00e0 10 jours ouvrables<\/p>\n","protected":false},"featured_media":2680,"comment_status":"open","ping_status":"closed","template":"","meta":{"_surecart_dashboard_logo_width":"180px","_surecart_dashboard_show_logo":true,"_surecart_dashboard_navigation_orders":true,"_surecart_dashboard_navigation_invoices":true,"_surecart_dashboard_navigation_subscriptions":true,"_surecart_dashboard_navigation_downloads":true,"_surecart_dashboard_navigation_billing":true,"_surecart_dashboard_navigation_account":true,"_uag_custom_page_level_css":""},"product_brand":[],"product_cat":[267],"product_tag":[],"class_list":{"0":"post-2626","1":"product","2":"type-product","3":"status-publish","4":"has-post-thumbnail","6":"product_cat-saint-valentin","8":"first","9":"instock","10":"shipping-taxable","11":"purchasable","12":"product-type-simple"},"uagb_featured_image_src":{"full":["https:\/\/mellelilyjolie.com\/wp-content\/uploads\/2026\/01\/livret-collection-MANJACK-BY-MLJ-2026-01-15T175816.146.png",1414,2000,false],"thumbnail":["https:\/\/mellelilyjolie.com\/wp-content\/uploads\/2026\/01\/livret-collection-MANJACK-BY-MLJ-2026-01-15T175816.146-150x150.png",150,150,true],"medium":["https:\/\/mellelilyjolie.com\/wp-content\/uploads\/2026\/01\/livret-collection-MANJACK-BY-MLJ-2026-01-15T175816.146-212x300.png",212,300,true],"medium_large":["https:\/\/mellelilyjolie.com\/wp-content\/uploads\/2026\/01\/livret-collection-MANJACK-BY-MLJ-2026-01-15T175816.146-768x1086.png",768,1086,true],"large":["https:\/\/mellelilyjolie.com\/wp-content\/uploads\/2026\/01\/livret-collection-MANJACK-BY-MLJ-2026-01-15T175816.146-724x1024.png",724,1024,true],"post-slider-thumb-size":["https:\/\/mellelilyjolie.com\/wp-content\/uploads\/2026\/01\/livret-collection-MANJACK-BY-MLJ-2026-01-15T175816.146-330x190.png",330,190,true],"post-category-slider-size":["https:\/\/mellelilyjolie.com\/wp-content\/uploads\/2026\/01\/livret-collection-MANJACK-BY-MLJ-2026-01-15T175816.146-330x350.png",330,350,true],"1536x1536":["https:\/\/mellelilyjolie.com\/wp-content\/uploads\/2026\/01\/livret-collection-MANJACK-BY-MLJ-2026-01-15T175816.146-1086x1536.png",1086,1536,true],"2048x2048":["https:\/\/mellelilyjolie.com\/wp-content\/uploads\/2026\/01\/livret-collection-MANJACK-BY-MLJ-2026-01-15T175816.146.png",1414,2000,false],"ashe-slider-full-thumbnail":["https:\/\/mellelilyjolie.com\/wp-content\/uploads\/2026\/01\/livret-collection-MANJACK-BY-MLJ-2026-01-15T175816.146-1080x540.png",1080,540,true],"ashe-full-thumbnail":["https:\/\/mellelilyjolie.com\/wp-content\/uploads\/2026\/01\/livret-collection-MANJACK-BY-MLJ-2026-01-15T175816.146-1140x1612.png",1140,1612,true],"ashe-list-thumbnail":["https:\/\/mellelilyjolie.com\/wp-content\/uploads\/2026\/01\/livret-collection-MANJACK-BY-MLJ-2026-01-15T175816.146-300x300.png",300,300,true],"ashe-grid-thumbnail":["https:\/\/mellelilyjolie.com\/wp-content\/uploads\/2026\/01\/livret-collection-MANJACK-BY-MLJ-2026-01-15T175816.146-500x330.png",500,330,true],"ashe-single-navigation":["https:\/\/mellelilyjolie.com\/wp-content\/uploads\/2026\/01\/livret-collection-MANJACK-BY-MLJ-2026-01-15T175816.146-75x75.png",75,75,true],"woocommerce_thumbnail":["https:\/\/mellelilyjolie.com\/wp-content\/uploads\/2026\/01\/livret-collection-MANJACK-BY-MLJ-2026-01-15T175816.146-300x300.png",300,300,true],"woocommerce_single":["https:\/\/mellelilyjolie.com\/wp-content\/uploads\/2026\/01\/livret-collection-MANJACK-BY-MLJ-2026-01-15T175816.146-600x849.png",600,849,true],"woocommerce_gallery_thumbnail":["https:\/\/mellelilyjolie.com\/wp-content\/uploads\/2026\/01\/livret-collection-MANJACK-BY-MLJ-2026-01-15T175816.146-100x100.png",100,100,true]},"uagb_author_info":{"display_name":"admin7170","author_link":"https:\/\/mellelilyjolie.com\/index.php\/author\/"},"uagb_comment_info":0,"uagb_excerpt":"Deux tasses personnalisables pour afficher votre complicit\u00e9 avec \u00e9l\u00e9gance et originalit\u00e9.Un cadeau tendance, id\u00e9al pour les amoureux modernes. Exp\u00e9di\u00e9 dans un d\u00e9lai de 7 \u00e0 10 jours ouvrables","jetpack_sharing_enabled":true,"_links":{"self":[{"href":"https:\/\/mellelilyjolie.com\/index.php\/wp-json\/wp\/v2\/product\/2626","targetHints":{"allow":["GET"]}}],"collection":[{"href":"https:\/\/mellelilyjolie.com\/index.php\/wp-json\/wp\/v2\/product"}],"about":[{"href":"https:\/\/mellelilyjolie.com\/index.php\/wp-json\/wp\/v2\/types\/product"}],"replies":[{"embeddable":true,"href":"https:\/\/mellelilyjolie.com\/index.php\/wp-json\/wp\/v2\/comments?post=2626"}],"wp:featuredmedia":[{"embeddable":true,"href":"https:\/\/mellelilyjolie.com\/index.php\/wp-json\/wp\/v2\/media\/2680"}],"wp:attachment":[{"href":"https:\/\/mellelilyjolie.com\/index.php\/wp-json\/wp\/v2\/media?parent=2626"}],"wp:term":[{"taxonomy":"product_brand","embeddable":true,"href":"https:\/\/mellelilyjolie.com\/index.php\/wp-json\/wp\/v2\/product_brand?post=2626"},{"taxonomy":"product_cat","embeddable":true,"href":"https:\/\/mellelilyjolie.com\/index.php\/wp-json\/wp\/v2\/product_cat?post=2626"},{"taxonomy":"product_tag","embeddable":true,"href":"https:\/\/mellelilyjolie.com\/index.php\/wp-json\/wp\/v2\/product_tag?post=2626"}],"curies":[{"name":"wp","href":"https:\/\/api.w.org\/{rel}","templated":true}]}}