{"id":2599,"date":"2026-01-05T01:42:24","date_gmt":"2026-01-05T00:42:24","guid":{"rendered":"https:\/\/mellelilyjolie.com\/?post_type=product&#038;p=2599"},"modified":"2026-01-19T23:03:33","modified_gmt":"2026-01-19T22:03:33","slug":"tee-shirt-femme-62","status":"publish","type":"product","link":"https:\/\/mellelilyjolie.com\/index.php\/produit\/tee-shirt-femme-62\/","title":{"rendered":"Le kit qui fait battre les c\u0153urs\u2026 et monter la temp\u00e9rature\u00a0"},"content":{"rendered":"<p>Cr\u00e9ez un d\u00e9cor irr\u00e9sistible avec le <strong>kit de ballons<\/strong> :<\/p>\n<ul>\n<li>18 ballons c\u0153ur de 25 cm<\/li>\n<li>2 grands c\u0153urs de 45 cm<\/li>\n<li>Le mot <strong>LOVE<\/strong> en lettres gonflables (60 \u00d7 43 cm)<br \/>\nDe quoi transformer votre int\u00e9rieur en v\u00e9ritable cocon romantique et sensuel.<\/li>\n<\/ul>\n<p><strong>Myst\u00e8re &amp; jeu de s\u00e9duction<\/strong><\/p>\n<p>Le <strong>duo de masques<\/strong> \u2014 un en dentelle raffin\u00e9e, l\u2019autre en mati\u00e8re rigide \u2014 invite \u00e0 jouer avec les regards, \u00e0 se surprendre et \u00e0 explorer le d\u00e9sir sous un nouveau jour.<\/p>\n<p><strong>Rouge passion<\/strong><br \/>\nLe <strong>kit de 4 rouges \u00e0 l\u00e8vres rouges<\/strong> incarne l\u2019audace et la sensualit\u00e9. \u00c0 porter\u2026 ou \u00e0 laisser s\u2019effacer au fil des baisers.<\/p>\n<p><strong>Des frissons qui parcourent la peau<\/strong><br \/>\nLe <strong>berlingot d\u2019huile de massage chauffante odeur barbe \u00e0 papa (10 ml)<\/strong> enveloppe le corps d\u2019une chaleur douce et gourmande, id\u00e9ale pour un moment de d\u00e9tente profond\u00e9ment sensuel.<\/p>\n<p><strong>La pi\u00e8ce qui fait chavirer<\/strong><br \/>\nLa <strong>robe noire en r\u00e9sille, taille unique<\/strong>, \u00e9pouse les formes \u00e0 la perfection et sublime chaque silhouette. Audacieuse, sexy et terriblement attirante, elle transforme l\u2019instant en v\u00e9ritable jeu de s\u00e9duction.<\/p>\n<p><strong>Les d\u00e9tails qui font toute la diff\u00e9rence<\/strong><\/p>\n<ul>\n<li><strong>Cha\u00eene de hanche en alliage de zinc<\/strong>, pour sublimer les courbes avec \u00e9l\u00e9gance<\/li>\n<li><strong>Rose rouge artificielle<\/strong>, symbole d\u2019un amour intense et durable<\/li>\n<li><strong>6 bougies rouges en forme de c\u0153ur<\/strong>, pour une lumi\u00e8re tamis\u00e9e et envo\u00fbtante<\/li>\n<\/ul>\n<p><strong>Plus qu\u2019un cadeau, une exp\u00e9rience \u00e0 vivre \u00e0 deux<\/strong><br \/>\nCe kit Saint-Valentin est une invitation \u00e0 se retrouver, \u00e0 s\u2019amuser, \u00e0 se d\u00e9sirer et \u00e0 raviver la flamme du couple dans une atmosph\u00e8re romantique et charnelle.<\/p>\n<p>Le cadeau parfait pour c\u00e9l\u00e9brer l\u2019amour\u2026 sans retenue.<\/p>\n","protected":false},"excerpt":{"rendered":"<p data-start=\"72\" data-end=\"316\">En f\u00e9vrier, l\u2019amour se c\u00e9l\u00e8bre, se provoque et se ressent intens\u00e9ment. Pour cette Saint-Valentin, nous avons imagin\u00e9 <strong data-start=\"189\" data-end=\"280\">le kit ultime pour raviver la flamme, r\u00e9veiller les sens et cr\u00e9er une exp\u00e9rience \u00e0 deux<\/strong>, aussi fun que d\u00e9licieusement sexy.<\/p>\n<p data-start=\"72\" data-end=\"316\">Exp\u00e9di\u00e9 dans un d\u00e9lai de 7 jours ouvrables.<\/p>\n","protected":false},"featured_media":2783,"comment_status":"open","ping_status":"closed","template":"","meta":{"_surecart_dashboard_logo_width":"180px","_surecart_dashboard_show_logo":true,"_surecart_dashboard_navigation_orders":true,"_surecart_dashboard_navigation_invoices":true,"_surecart_dashboard_navigation_subscriptions":true,"_surecart_dashboard_navigation_downloads":true,"_surecart_dashboard_navigation_billing":true,"_surecart_dashboard_navigation_account":true,"_uag_custom_page_level_css":""},"product_brand":[],"product_cat":[267],"product_tag":[],"class_list":{"0":"post-2599","1":"product","2":"type-product","3":"status-publish","4":"has-post-thumbnail","6":"product_cat-saint-valentin","8":"first","9":"instock","10":"shipping-taxable","11":"purchasable","12":"product-type-simple"},"uagb_featured_image_src":{"full":["https:\/\/mellelilyjolie.com\/wp-content\/uploads\/2026\/01\/1c3cef03-df83-4a8e-bfca-f56d143ea09d.png",848,1264,false],"thumbnail":["https:\/\/mellelilyjolie.com\/wp-content\/uploads\/2026\/01\/1c3cef03-df83-4a8e-bfca-f56d143ea09d-150x150.png",150,150,true],"medium":["https:\/\/mellelilyjolie.com\/wp-content\/uploads\/2026\/01\/1c3cef03-df83-4a8e-bfca-f56d143ea09d-201x300.png",201,300,true],"medium_large":["https:\/\/mellelilyjolie.com\/wp-content\/uploads\/2026\/01\/1c3cef03-df83-4a8e-bfca-f56d143ea09d-768x1145.png",768,1145,true],"large":["https:\/\/mellelilyjolie.com\/wp-content\/uploads\/2026\/01\/1c3cef03-df83-4a8e-bfca-f56d143ea09d-687x1024.png",687,1024,true],"post-slider-thumb-size":["https:\/\/mellelilyjolie.com\/wp-content\/uploads\/2026\/01\/1c3cef03-df83-4a8e-bfca-f56d143ea09d-330x190.png",330,190,true],"post-category-slider-size":["https:\/\/mellelilyjolie.com\/wp-content\/uploads\/2026\/01\/1c3cef03-df83-4a8e-bfca-f56d143ea09d-330x350.png",330,350,true],"1536x1536":["https:\/\/mellelilyjolie.com\/wp-content\/uploads\/2026\/01\/1c3cef03-df83-4a8e-bfca-f56d143ea09d.png",848,1264,false],"2048x2048":["https:\/\/mellelilyjolie.com\/wp-content\/uploads\/2026\/01\/1c3cef03-df83-4a8e-bfca-f56d143ea09d.png",848,1264,false],"ashe-slider-full-thumbnail":["https:\/\/mellelilyjolie.com\/wp-content\/uploads\/2026\/01\/1c3cef03-df83-4a8e-bfca-f56d143ea09d-848x540.png",848,540,true],"ashe-full-thumbnail":["https:\/\/mellelilyjolie.com\/wp-content\/uploads\/2026\/01\/1c3cef03-df83-4a8e-bfca-f56d143ea09d.png",848,1264,false],"ashe-list-thumbnail":["https:\/\/mellelilyjolie.com\/wp-content\/uploads\/2026\/01\/1c3cef03-df83-4a8e-bfca-f56d143ea09d-300x300.png",300,300,true],"ashe-grid-thumbnail":["https:\/\/mellelilyjolie.com\/wp-content\/uploads\/2026\/01\/1c3cef03-df83-4a8e-bfca-f56d143ea09d-500x330.png",500,330,true],"ashe-single-navigation":["https:\/\/mellelilyjolie.com\/wp-content\/uploads\/2026\/01\/1c3cef03-df83-4a8e-bfca-f56d143ea09d-75x75.png",75,75,true],"woocommerce_thumbnail":["https:\/\/mellelilyjolie.com\/wp-content\/uploads\/2026\/01\/1c3cef03-df83-4a8e-bfca-f56d143ea09d-300x300.png",300,300,true],"woocommerce_single":["https:\/\/mellelilyjolie.com\/wp-content\/uploads\/2026\/01\/1c3cef03-df83-4a8e-bfca-f56d143ea09d-600x894.png",600,894,true],"woocommerce_gallery_thumbnail":["https:\/\/mellelilyjolie.com\/wp-content\/uploads\/2026\/01\/1c3cef03-df83-4a8e-bfca-f56d143ea09d-100x100.png",100,100,true]},"uagb_author_info":{"display_name":"admin7170","author_link":"https:\/\/mellelilyjolie.com\/index.php\/author\/"},"uagb_comment_info":0,"uagb_excerpt":"En f\u00e9vrier, l\u2019amour se c\u00e9l\u00e8bre, se provoque et se ressent intens\u00e9ment. Pour cette Saint-Valentin, nous avons imagin\u00e9 le kit ultime pour raviver la flamme, r\u00e9veiller les sens et cr\u00e9er une exp\u00e9rience \u00e0 deux, aussi fun que d\u00e9licieusement sexy. Exp\u00e9di\u00e9 dans un d\u00e9lai de 7 jours ouvrables.","jetpack_sharing_enabled":true,"_links":{"self":[{"href":"https:\/\/mellelilyjolie.com\/index.php\/wp-json\/wp\/v2\/product\/2599","targetHints":{"allow":["GET"]}}],"collection":[{"href":"https:\/\/mellelilyjolie.com\/index.php\/wp-json\/wp\/v2\/product"}],"about":[{"href":"https:\/\/mellelilyjolie.com\/index.php\/wp-json\/wp\/v2\/types\/product"}],"replies":[{"embeddable":true,"href":"https:\/\/mellelilyjolie.com\/index.php\/wp-json\/wp\/v2\/comments?post=2599"}],"wp:featuredmedia":[{"embeddable":true,"href":"https:\/\/mellelilyjolie.com\/index.php\/wp-json\/wp\/v2\/media\/2783"}],"wp:attachment":[{"href":"https:\/\/mellelilyjolie.com\/index.php\/wp-json\/wp\/v2\/media?parent=2599"}],"wp:term":[{"taxonomy":"product_brand","embeddable":true,"href":"https:\/\/mellelilyjolie.com\/index.php\/wp-json\/wp\/v2\/product_brand?post=2599"},{"taxonomy":"product_cat","embeddable":true,"href":"https:\/\/mellelilyjolie.com\/index.php\/wp-json\/wp\/v2\/product_cat?post=2599"},{"taxonomy":"product_tag","embeddable":true,"href":"https:\/\/mellelilyjolie.com\/index.php\/wp-json\/wp\/v2\/product_tag?post=2599"}],"curies":[{"name":"wp","href":"https:\/\/api.w.org\/{rel}","templated":true}]}}