{"id":2279,"date":"2025-11-11T02:27:59","date_gmt":"2025-11-11T01:27:59","guid":{"rendered":"https:\/\/mellelilyjolie.com\/?post_type=product&#038;p=2279"},"modified":"2025-11-14T23:44:49","modified_gmt":"2025-11-14T22:44:49","slug":"tee-shirt-femme-49","status":"publish","type":"product","link":"https:\/\/mellelilyjolie.com\/index.php\/produit\/tee-shirt-femme-49\/","title":{"rendered":"Tasse collection \u00ab\u00a0TRIBAL COLOR\u00a0\u00bb"},"content":{"rendered":"<p>&nbsp;<\/p>\n<p>Qualit\u00e9 : Fabriqu\u00e9e en c\u00e9ramique de haute qualit\u00e9, notre tasse est durable et r\u00e9sistante \u00e0 la chaleur.<\/p>\n<p>Utilisation : Convient aussi bien pour les boissons chaudes comme le caf\u00e9 ou le th\u00e9, que pour les boissons froides comme les jus ou les smoothies.<\/p>\n<p>Design : Choisissez parmi une large gamme de couleurs, styles de police et motifs pour une personnalisation compl\u00e8te.<\/p>\n<p>Entretien : Lavable en machine pour un entretien facile, notre tasse est con\u00e7ue pour r\u00e9sister aux usages quotidiens.<\/p>\n","protected":false},"excerpt":{"rendered":"<p>D\u00e9couvrez nos <strong>tasses personnalis\u00e9es inspir\u00e9es du peuple Manjack de Guin\u00e9e-Bissau<\/strong>, v\u00e9ritables symboles de culture et d\u2019identit\u00e9. Parfaites pour offrir ou pour sublimer vos moments du quotidien, ces tasses racontent une histoire \u00e0 chaque gorg\u00e9e.<\/p>\n<p>&nbsp;<\/p>\n<p>Exp\u00e9di\u00e9 dans un d\u00e9lai de 7 \u00e0 10 jours ouvrables<\/p>\n","protected":false},"featured_media":2280,"comment_status":"open","ping_status":"closed","template":"","meta":{"_surecart_dashboard_logo_width":"180px","_surecart_dashboard_show_logo":true,"_surecart_dashboard_navigation_orders":true,"_surecart_dashboard_navigation_invoices":true,"_surecart_dashboard_navigation_subscriptions":true,"_surecart_dashboard_navigation_downloads":true,"_surecart_dashboard_navigation_billing":true,"_surecart_dashboard_navigation_account":true,"_uag_custom_page_level_css":""},"product_brand":[],"product_cat":[197],"product_tag":[],"class_list":{"0":"post-2279","1":"product","2":"type-product","3":"status-publish","4":"has-post-thumbnail","6":"product_cat-tasse-collection","7":"product_shipping_class-leger","9":"first","10":"instock","11":"shipping-taxable","12":"purchasable","13":"product-type-simple"},"uagb_featured_image_src":{"full":["https:\/\/mellelilyjolie.com\/wp-content\/uploads\/2025\/11\/livret-collection-MANJACK-BY-MLJ-2025-11-11T021454.242.png",1414,2000,false],"thumbnail":["https:\/\/mellelilyjolie.com\/wp-content\/uploads\/2025\/11\/livret-collection-MANJACK-BY-MLJ-2025-11-11T021454.242-150x150.png",150,150,true],"medium":["https:\/\/mellelilyjolie.com\/wp-content\/uploads\/2025\/11\/livret-collection-MANJACK-BY-MLJ-2025-11-11T021454.242-212x300.png",212,300,true],"medium_large":["https:\/\/mellelilyjolie.com\/wp-content\/uploads\/2025\/11\/livret-collection-MANJACK-BY-MLJ-2025-11-11T021454.242-768x1086.png",768,1086,true],"large":["https:\/\/mellelilyjolie.com\/wp-content\/uploads\/2025\/11\/livret-collection-MANJACK-BY-MLJ-2025-11-11T021454.242-724x1024.png",724,1024,true],"post-slider-thumb-size":["https:\/\/mellelilyjolie.com\/wp-content\/uploads\/2025\/11\/livret-collection-MANJACK-BY-MLJ-2025-11-11T021454.242-330x190.png",330,190,true],"post-category-slider-size":["https:\/\/mellelilyjolie.com\/wp-content\/uploads\/2025\/11\/livret-collection-MANJACK-BY-MLJ-2025-11-11T021454.242-330x350.png",330,350,true],"1536x1536":["https:\/\/mellelilyjolie.com\/wp-content\/uploads\/2025\/11\/livret-collection-MANJACK-BY-MLJ-2025-11-11T021454.242.png",1086,1536,false],"2048x2048":["https:\/\/mellelilyjolie.com\/wp-content\/uploads\/2025\/11\/livret-collection-MANJACK-BY-MLJ-2025-11-11T021454.242.png",1414,2000,false],"ashe-slider-full-thumbnail":["https:\/\/mellelilyjolie.com\/wp-content\/uploads\/2025\/11\/livret-collection-MANJACK-BY-MLJ-2025-11-11T021454.242.png",382,540,false],"ashe-full-thumbnail":["https:\/\/mellelilyjolie.com\/wp-content\/uploads\/2025\/11\/livret-collection-MANJACK-BY-MLJ-2025-11-11T021454.242.png",1140,1612,false],"ashe-list-thumbnail":["https:\/\/mellelilyjolie.com\/wp-content\/uploads\/2025\/11\/livret-collection-MANJACK-BY-MLJ-2025-11-11T021454.242.png",212,300,false],"ashe-grid-thumbnail":["https:\/\/mellelilyjolie.com\/wp-content\/uploads\/2025\/11\/livret-collection-MANJACK-BY-MLJ-2025-11-11T021454.242.png",233,330,false],"ashe-single-navigation":["https:\/\/mellelilyjolie.com\/wp-content\/uploads\/2025\/11\/livret-collection-MANJACK-BY-MLJ-2025-11-11T021454.242.png",53,75,false],"woocommerce_thumbnail":["https:\/\/mellelilyjolie.com\/wp-content\/uploads\/2025\/11\/livret-collection-MANJACK-BY-MLJ-2025-11-11T021454.242-300x300.png",300,300,true],"woocommerce_single":["https:\/\/mellelilyjolie.com\/wp-content\/uploads\/2025\/11\/livret-collection-MANJACK-BY-MLJ-2025-11-11T021454.242.png",600,849,false],"woocommerce_gallery_thumbnail":["https:\/\/mellelilyjolie.com\/wp-content\/uploads\/2025\/11\/livret-collection-MANJACK-BY-MLJ-2025-11-11T021454.242-100x100.png",100,100,true]},"uagb_author_info":{"display_name":"admin7170","author_link":"https:\/\/mellelilyjolie.com\/index.php\/author\/"},"uagb_comment_info":0,"uagb_excerpt":"D\u00e9couvrez nos tasses personnalis\u00e9es inspir\u00e9es du peuple Manjack de Guin\u00e9e-Bissau, v\u00e9ritables symboles de culture et d\u2019identit\u00e9. Parfaites pour offrir ou pour sublimer vos moments du quotidien, ces tasses racontent une histoire \u00e0 chaque gorg\u00e9e. &nbsp; Exp\u00e9di\u00e9 dans un d\u00e9lai de 7 \u00e0 10 jours ouvrables","jetpack_sharing_enabled":true,"_links":{"self":[{"href":"https:\/\/mellelilyjolie.com\/index.php\/wp-json\/wp\/v2\/product\/2279","targetHints":{"allow":["GET"]}}],"collection":[{"href":"https:\/\/mellelilyjolie.com\/index.php\/wp-json\/wp\/v2\/product"}],"about":[{"href":"https:\/\/mellelilyjolie.com\/index.php\/wp-json\/wp\/v2\/types\/product"}],"replies":[{"embeddable":true,"href":"https:\/\/mellelilyjolie.com\/index.php\/wp-json\/wp\/v2\/comments?post=2279"}],"wp:featuredmedia":[{"embeddable":true,"href":"https:\/\/mellelilyjolie.com\/index.php\/wp-json\/wp\/v2\/media\/2280"}],"wp:attachment":[{"href":"https:\/\/mellelilyjolie.com\/index.php\/wp-json\/wp\/v2\/media?parent=2279"}],"wp:term":[{"taxonomy":"product_brand","embeddable":true,"href":"https:\/\/mellelilyjolie.com\/index.php\/wp-json\/wp\/v2\/product_brand?post=2279"},{"taxonomy":"product_cat","embeddable":true,"href":"https:\/\/mellelilyjolie.com\/index.php\/wp-json\/wp\/v2\/product_cat?post=2279"},{"taxonomy":"product_tag","embeddable":true,"href":"https:\/\/mellelilyjolie.com\/index.php\/wp-json\/wp\/v2\/product_tag?post=2279"}],"curies":[{"name":"wp","href":"https:\/\/api.w.org\/{rel}","templated":true}]}}