{"id":184,"date":"2024-08-23T22:39:41","date_gmt":"2024-08-23T20:39:41","guid":{"rendered":"https:\/\/mellelilyjolie.com\/?post_type=product&#038;p=184"},"modified":"2025-11-15T01:49:55","modified_gmt":"2025-11-15T00:49:55","slug":"tee-shirt-femme-19","status":"publish","type":"product","link":"https:\/\/mellelilyjolie.com\/index.php\/produit\/tee-shirt-femme-19\/","title":{"rendered":"Ma box Gourmandise"},"content":{"rendered":"<p>La Box Gourmandise \u2013 100% plaisir, 100% personnalis\u00e9e !<\/p>\n<p>Envie d\u2019un moment d\u00e9tente parfait, que ce soit solo ou entre amis ? La Box Gourmandise est l\u00e0 pour combler toutes tes envies ! Une s\u00e9lection gourmande pens\u00e9e juste pour toi, avec des douceurs personnalis\u00e9es \u00e0 ton pr\u00e9nom, surnom ou m\u00eame en lien avec tes s\u00e9ries, films et passions pr\u00e9f\u00e9r\u00e9s.<br \/>\n\u00c0 l\u2019int\u00e9rieur, que du bon et du fun !<\/p>\n<p>Des boissons p\u00e9tillantes ou r\u00e9confortantes, pour accompagner chaque instant<br \/>\nDes chips croustillantes, id\u00e9ales pour un moment crinchi r\u00e9ussi<br \/>\nDu chocolat personnalis\u00e9, avec ton nom ou une touche fun li\u00e9e \u00e0 tes univers favoris<br \/>\nD\u2019autres petites surprises, adapt\u00e9es \u00e0 tes go\u00fbts et tes passions<\/p>\n<p>Pourquoi craquer pour cette box gourmande ?<br \/>\n\u2022 Un moment \u00e0 savourer : seul(e) ou en mode chill avec tes proches<br \/>\n\u2022 Une personnalisation au top : des snacks qui te ressemblent vraiment<br \/>\n\u2022 L\u2019ambiance parfaite : \u00e0 d\u00e9guster devant ta s\u00e9rie ou en papotant entre amis<br \/>\n\u2022 Une explosion de saveurs : des classiques revisit\u00e9s pour un max de plaisir<br \/>\nFais-toi plaisir avec une box pens\u00e9e juste pour toi ! Alors, on s\u2019installe confortablement et on savoure ?<\/p>\n","protected":false},"excerpt":{"rendered":"<p>D\u00e9couvrez la\u00a0<strong data-start=\"13\" data-end=\"40\">My Lily Box Gourmandise<\/strong>, une box personnalisable pour les amoureux de douceur et de fun. Compos\u00e9e d\u2019une\u00a0<strong data-start=\"123\" data-end=\"134\">boisson<\/strong>, d\u2019un\u00a0<strong data-start=\"141\" data-end=\"160\">paquet de chips<\/strong>, d\u2019un\u00a0<strong data-start=\"167\" data-end=\"179\">chocolat<\/strong>\u00a0et de\u00a0<strong data-start=\"186\" data-end=\"211\">bonbons personnalis\u00e9s<\/strong>, elle s\u2019adapte \u00e0 vos envies pour\u00a0<strong data-start=\"245\" data-end=\"270\">c\u00e9l\u00e9brer un \u00e9v\u00e9nement<\/strong>\u00a0ou simplement\u00a0<strong data-start=\"285\" data-end=\"311\">\u00e9gayer votre quotidien<\/strong>. Un concept gourmand, original et 100 % \u00e0 votre image.<\/p>\n<p>&nbsp;<\/p>\n<p>Exp\u00e9di\u00e9 dans un d\u00e9lai de 7 \u00e0 10 jours ouvrables<\/p>\n","protected":false},"featured_media":1498,"comment_status":"open","ping_status":"closed","template":"","meta":{"_surecart_dashboard_logo_width":"180px","_surecart_dashboard_show_logo":true,"_surecart_dashboard_navigation_orders":true,"_surecart_dashboard_navigation_invoices":true,"_surecart_dashboard_navigation_subscriptions":true,"_surecart_dashboard_navigation_downloads":true,"_surecart_dashboard_navigation_billing":true,"_surecart_dashboard_navigation_account":true,"_uag_custom_page_level_css":""},"product_brand":[],"product_cat":[47],"product_tag":[],"class_list":{"0":"post-184","1":"product","2":"type-product","3":"status-publish","4":"has-post-thumbnail","6":"product_cat-lily-box","8":"first","9":"instock","10":"shipping-taxable","11":"purchasable","12":"product-type-simple"},"uagb_featured_image_src":{"full":["https:\/\/mellelilyjolie.com\/wp-content\/uploads\/2024\/08\/ChatGPT-Image-22-oct.-2025-20_16_39.png",1024,1024,false],"thumbnail":["https:\/\/mellelilyjolie.com\/wp-content\/uploads\/2024\/08\/ChatGPT-Image-22-oct.-2025-20_16_39-150x150.png",150,150,true],"medium":["https:\/\/mellelilyjolie.com\/wp-content\/uploads\/2024\/08\/ChatGPT-Image-22-oct.-2025-20_16_39-300x300.png",300,300,true],"medium_large":["https:\/\/mellelilyjolie.com\/wp-content\/uploads\/2024\/08\/ChatGPT-Image-22-oct.-2025-20_16_39-768x768.png",768,768,true],"large":["https:\/\/mellelilyjolie.com\/wp-content\/uploads\/2024\/08\/ChatGPT-Image-22-oct.-2025-20_16_39.png",960,960,false],"post-slider-thumb-size":["https:\/\/mellelilyjolie.com\/wp-content\/uploads\/2024\/08\/ChatGPT-Image-22-oct.-2025-20_16_39-330x190.png",330,190,true],"post-category-slider-size":["https:\/\/mellelilyjolie.com\/wp-content\/uploads\/2024\/08\/ChatGPT-Image-22-oct.-2025-20_16_39-330x350.png",330,350,true],"1536x1536":["https:\/\/mellelilyjolie.com\/wp-content\/uploads\/2024\/08\/ChatGPT-Image-22-oct.-2025-20_16_39.png",1024,1024,false],"2048x2048":["https:\/\/mellelilyjolie.com\/wp-content\/uploads\/2024\/08\/ChatGPT-Image-22-oct.-2025-20_16_39.png",1024,1024,false],"ashe-slider-full-thumbnail":["https:\/\/mellelilyjolie.com\/wp-content\/uploads\/2024\/08\/ChatGPT-Image-22-oct.-2025-20_16_39-1024x540.png",1024,540,true],"ashe-full-thumbnail":["https:\/\/mellelilyjolie.com\/wp-content\/uploads\/2024\/08\/ChatGPT-Image-22-oct.-2025-20_16_39.png",1024,1024,false],"ashe-list-thumbnail":["https:\/\/mellelilyjolie.com\/wp-content\/uploads\/2024\/08\/ChatGPT-Image-22-oct.-2025-20_16_39-300x300.png",300,300,true],"ashe-grid-thumbnail":["https:\/\/mellelilyjolie.com\/wp-content\/uploads\/2024\/08\/ChatGPT-Image-22-oct.-2025-20_16_39-500x330.png",500,330,true],"ashe-single-navigation":["https:\/\/mellelilyjolie.com\/wp-content\/uploads\/2024\/08\/ChatGPT-Image-22-oct.-2025-20_16_39-75x75.png",75,75,true],"woocommerce_thumbnail":["https:\/\/mellelilyjolie.com\/wp-content\/uploads\/2024\/08\/ChatGPT-Image-22-oct.-2025-20_16_39-300x300.png",300,300,true],"woocommerce_single":["https:\/\/mellelilyjolie.com\/wp-content\/uploads\/2024\/08\/ChatGPT-Image-22-oct.-2025-20_16_39-600x600.png",600,600,true],"woocommerce_gallery_thumbnail":["https:\/\/mellelilyjolie.com\/wp-content\/uploads\/2024\/08\/ChatGPT-Image-22-oct.-2025-20_16_39-100x100.png",100,100,true]},"uagb_author_info":{"display_name":"admin7170","author_link":"https:\/\/mellelilyjolie.com\/index.php\/author\/"},"uagb_comment_info":0,"uagb_excerpt":"D\u00e9couvrez la\u00a0My Lily Box Gourmandise, une box personnalisable pour les amoureux de douceur et de fun. Compos\u00e9e d\u2019une\u00a0boisson, d\u2019un\u00a0paquet de chips, d\u2019un\u00a0chocolat\u00a0et de\u00a0bonbons personnalis\u00e9s, elle s\u2019adapte \u00e0 vos envies pour\u00a0c\u00e9l\u00e9brer un \u00e9v\u00e9nement\u00a0ou simplement\u00a0\u00e9gayer votre quotidien. Un concept gourmand, original et 100 % \u00e0 votre image. &nbsp; Exp\u00e9di\u00e9 dans un d\u00e9lai de 7 \u00e0 10 jours\u2026","jetpack_sharing_enabled":true,"_links":{"self":[{"href":"https:\/\/mellelilyjolie.com\/index.php\/wp-json\/wp\/v2\/product\/184","targetHints":{"allow":["GET"]}}],"collection":[{"href":"https:\/\/mellelilyjolie.com\/index.php\/wp-json\/wp\/v2\/product"}],"about":[{"href":"https:\/\/mellelilyjolie.com\/index.php\/wp-json\/wp\/v2\/types\/product"}],"replies":[{"embeddable":true,"href":"https:\/\/mellelilyjolie.com\/index.php\/wp-json\/wp\/v2\/comments?post=184"}],"wp:featuredmedia":[{"embeddable":true,"href":"https:\/\/mellelilyjolie.com\/index.php\/wp-json\/wp\/v2\/media\/1498"}],"wp:attachment":[{"href":"https:\/\/mellelilyjolie.com\/index.php\/wp-json\/wp\/v2\/media?parent=184"}],"wp:term":[{"taxonomy":"product_brand","embeddable":true,"href":"https:\/\/mellelilyjolie.com\/index.php\/wp-json\/wp\/v2\/product_brand?post=184"},{"taxonomy":"product_cat","embeddable":true,"href":"https:\/\/mellelilyjolie.com\/index.php\/wp-json\/wp\/v2\/product_cat?post=184"},{"taxonomy":"product_tag","embeddable":true,"href":"https:\/\/mellelilyjolie.com\/index.php\/wp-json\/wp\/v2\/product_tag?post=184"}],"curies":[{"name":"wp","href":"https:\/\/api.w.org\/{rel}","templated":true}]}}